= 3*y - 3*f + 6, 0 = -3*f + 15. Let n be l(y). Determine c(n).
-1
Suppose -3*d = 5*g - 38, -g - 22 = -2*g + 3*d. Let n = 15 - g. Let l(a) be the second derivative of -a**3/3 + 7*a**2/2 + 5*a. Determine l(n).
-3
Suppose -13*z + 15*z = 4. Let k(l) = 4*l - 2. What is k(z)?
6
Let p(n) = -n**2 + n + 1. Let m(r) = 24 + 0*r + r + r. Let x be m(-12). Give p(x).
1
Let g(a) = -3*a**3 + 6*a**2 - 5*a + 5. Let b(h) = h**3 - h**2 + h - 1. Let t(x) = 6*b(x) + g(x). Suppose -7*j = -27*j + 20. Determine t(j).
3
Let a(f) = f + 1. Suppose -2*m = -5*c + 5, -2*m - 4 = -c + 5. Let x(j) = 3*j + 11. Let i(t) = c*x(t) + 4*a(t). What is i(5)?
-2
Let b = 119 - 116. Let p(j) = 2 - 25*j**3 - 13*j**2 + 12*j + 37*j**b - 11*j**3. Calculate p(12).
2
Let h be ((-10)/(-6))/(-1 + 32/24). Suppose -h*k = -k + 4. Let w(p) = 7*p**2 - 2*p - 1. Determine w(k).
8
Let t(m) = -2*m + 1. Let a(j) = -7*j + 5. Let s(d) = a(d) - 4*t(d). Suppose -w + 3*w + 3*q + 12 = 0, -2*w - 14 = 4*q. Give s(w).
-2
Let j(f) be the third derivative of -f**4/24 - 2*f**3/3 + 21*f**2 - 1. Calculate j(-4).
0
Let d = -1840 + 4744. Let u(p) = p**3 - d*p**2 - 10 + 2904*p**2. What is u(0)?
-10
Let y(s) be the third derivative of -s**4/24 + 4*s**2. Suppose -3*c + 1 = -3*v + 7, 2 = -2*v + 4*c. Let u be 0 + 1 + -1 + v. Determine y(u).
-5
Let k = 42 - 35. Suppose k*t = 7 - 49. Let o(q) = -q - 5. What is o(t)?
1
Let u(p) = 2*p**2 - 3*p - 35. Let y be u(5). Let b(f) be the first derivative of f**3/3 - 7*f - 3. Determine b(y).
-7
Let w(r) be the first derivative of 3*r**2/2 - 2*r - 10. Suppose -2*j - 20 = 3*j. Calculate w(j).
-14
Let p(v) = -6*v - 2. Let m = -4 + 12. Let c = m - 10. Give p(c).
10
Let f(d) = 4*d**2 - 3*d - 2. Let l be f(-1). Let b(y) = -y + l*y + 13*y. What is b(1)?
17
Let u(s) = -13*s - 6. Let g(h) = -3*h - 2. Let y(x) = 4*g(x) - u(x). Suppose 2*l - 2*k = -l - 2, -4*l + 5 = 5*k. Give y(l).
-2
Let g = -129 + 130. Let j(p) = 7*p**3 + 4*p**2 + p - 1. Let t(l) = l**2. Let s(r) = j(r) - 5*t(r). Give s(g).
6
Suppose 10 = 2*o + 4. Suppose -p - 18 = -3*h, -h + o*h - 13 = p. Let x(g) = -3*g + 5. Determine x(h).
-10
Let b be (5/(-3))/(10/30). Let s(k) = -k**3 - 5*k**2 - 2*k + 3. Determine s(b).
13
Let q(i) = -13*i - 4*i + 10*i + 3 - 3*i. Let r(l) = -5*l + 1. Let w(n) = -2*q(n) + 5*r(n). What is w(-2)?
9
Let i = -12 + 17. Let n(d) = -69*d - 6. Let l(u) = -155*u - 12. Let f(r) = -4*l(r) + 9*n(r). Determine f(i).
-11
Let b(q) = 3 - q + 7*q - 2*q - 9*q + 3*q**2. Let m be (-2)/1*-3 - 3. What is b(m)?
15
Let h(y) = -y + 32. Let q(r) = 27*r + 445. Let f be q(-16). Give h(f).
19
Suppose 0 = -4*y + 37 - 5. Let w = y - 11. Let s = 0 - w. Let n(m) = 2*m**2 - 4. Give n(s).
14
Let c(s) = -1 + 3*s + 2*s**2 - 2*s**2 - 2*s**3 - 3*s**2. Let x(l) = -2*l**3 - 77*l**2 - 112*l - 40. Let g be x(-37). Calculate c(g).
17
Let g(m) = -9*m - 24. Let c(j) = -26*j - 67. Let i(x) = 4*c(x) - 11*g(x). Calculate i(6).
-34
Let a(m) = -7*m**2 - m. Suppose -18*g + 13 = -5. Determine a(g).
-8
Let w(d) = -d**2 - 13*d + 8. Let l(s) = 2*s - 1. Let r(n) = 6*l(n) + w(n). Give r(2).
-4
Suppose 5*j = -4*c - 17, 3*c - 6 + 42 = 4*j. Let l be (-7)/(-2) - (44/c - -5). Let f(x) = -x**2 + 5*x - 4. Calculate f(l).
0
Suppose 12 = -5*j - 193. Let t = j - -47. Let y(m) = -7 - 5*m + m**3 + 16 - 5*m**2 - 3*m. Give y(t).
-3
Let l(n) = n**2 - 5*n + 4. Let j(d) be the first derivative of d - 6. Let q(m) = 6*j(m) - l(m). Suppose 9 = 2*p + 1. Determine q(p).
6
Suppose -m + 20 = 2*r, m - 6 = 4*r - 34. Let o(v) = v - 15. What is o(r)?
-7
Let g(x) = x - 4. Suppose -d = d - 3*p - 23, -5*p = -2*d + 33. Suppose d*t - 14 = 6. Let q be g(t). Let h(s) = -s**3 - s**2 + 2*s - 1. Determine h(q).
-1
Let c(t) = -t + 4. Let v be (-378)/(-34) + 24/(-204). Determine c(v).
-7
Let i(q) = -12*q + 6 - 1 + q**2 + 0*q + 19*q. Calculate i(-6).
-1
Let p(n) = n**2 - 3 - 11*n + 2 + n. Let o be p(10). Let f(s) = 9*s**3 - 2*s - 1. Determine f(o).
-8
Let z = 49 + -53. Let u(x) = -8*x**3 + 4*x**2 + 4*x. Let b(q) = -3*q**3 + q**2 + q. Let d(l) = z*u(l) + 11*b(l). What is d(-4)?
4
Let r(x) = -x + 1. Let i(p) = -6*p - 3. Suppose 4*t = t + 6. Suppose 2*w = -a + 2, -5*w = -2*a - t - 3. Let l(u) = w*i(u) + 2*r(u). What is l(1)?
-9
Let o be 2 - (1 - 1)/(2/(-2)). Let x(c) = 5 - 2 - 1 + 2*c**3 - 3*c**2. Determine x(o).
6
Let p(u) = u**3 + 6*u**2 + 4*u - 6. Let o be p(-5). Suppose -22*w + 14*w = -24. Let a(i) = -w + 62*i + 4 - 46*i. Give a(o).
-15
Let s(y) be the first derivative of 0*y + 0*y**2 + 1/60*y**5 - 5/3*y**3 + 0*y**4 + 1. Let p(x) be the third derivative of s(x). Give p(2).
4
Let i(d) = d**2 - 5*d**2 - 2829 + 2837 + 2*d**2 + 7*d. Calculate i(6).
-22
Let w(p) = 3*p - p - 1 + 6 - p. Suppose -i + j = 5, 5*j = -3*i - 2*i - 25. What is w(i)?
0
Let f(k) = -9*k**3 - 9*k**2 + 1. Let h(o) = -4*o**3 + o**2 - 7*o**2 + 0*o**3 + 2*o**2. Let t(u) = 3*f(u) - 7*h(u). Let y be 0/(-1) - (-1 + 1). What is t(y)?
3
Let y(n) be the first derivative of -5 - 3*n - 2*n**3 - 1/2*n**2. Let d(j) = -5*j**2 - j - 2. Let i(a) = 5*d(a) - 4*y(a). What is i(2)?
-4
Let o(j) = -4*j**3 + 41*j**2 - 28*j - 8. Let w(y) = -y**3 + 10*y**2 - 7*y - 2. Let m(t) = 2*o(t) - 9*w(t). Give m(7).
2
Let w(g) = -g - 2. Suppose 5*b - 10 = -2*s - 0*s, -s + 5 = 4*b. Suppose -5*v + 4*j + 63 = b, v - 18 = -v - 2*j. Let d = -13 + v. Give w(d).
0
Let p(d) = 32*d**2 + 10*d - 11. Suppose -5*l = 5*j + 55, l - 4*l = -j + 17. Let r(f) = -11*f**2 - 3*f + 3. Let w(g) = l*r(g) - 2*p(g). Determine w(-1).
13
Let t = -2 + 2. Let f(h) = -2*h - 7. Let c be f(-6). Let i(x) = -8 - 6 - c*x + 4*x. Calculate i(t).
-14
Suppose -2*w + 3*w - 5*q = 2, -4*w = -5*q - 8. Let f(m) = -3*m**3 + 2*m**2 + m + 4. Let n(v) = 2*v**3 - v**2 - v - 3. Let c(a) = -3*f(a) - 4*n(a). What is c(w)?
2
Let f(l) = l. Suppose 460 = -v + 450. Determine f(v).
-10
Let k(v) = -v**3 - v**2 + 2*v + 1. Let w be k(2). Let s(c) = -c**2 - 2*c + 3. Let t be s(-4). Let h = w - t. Let o(n) = -n - 1. Give o(h).
1
Let k be ((-4)/8)/((-3)/36). Suppose -5*v = -0 - 5. Let y(x) = 3*x - 2*x + 0*x + 4 + v. What is y(k)?
11
Let i(j) be the first derivative of -j + 43 - 13/2*j**2. Give i(1).
-14
Let s(f) = -f**3 + 3*f**2 - 2*f. Let y be ((-186)/4 - 1) + (-6)/(-4). Let x = y + 48. Give s(x).
0
Let y(x) = -51 + 3*x**3 - 3*x - 10*x**3 + 2*x**3 - 11*x**2. Let s(o) = 3*o**3 + 7*o**2 + 2*o + 34. Let t(l) = -8*s(l) - 5*y(l). Calculate t(0).
-17
Let q(h) be the third derivative of -h**6/120 + h**5/30 + h**4/6 - h**3/3 + 23*h**2 - 3*h. Give q(3).
1
Suppose -h - 3*h = 20. Let c(q) = -q**2 - 5 - 7*q - 6 + q + 14. Give c(h).
8
Let m be (257 - 259)/(2*(-2)/22). Let f(w) = 2*w - 7. Calculate f(m).
15
Let u(d) = 3*d - 3. Let c be (4 + 21)/1 - 1. Suppose 2*j - 6*j = 2*g - c, 4*g + 3*j = 33. What is u(g)?
15
Let x(c) be the first derivative of 13*c**3/3 + 2028. Let p be 2/(-1) - 6/(-2). Calculate x(p).
13
Let t(f) = 26*f + 8. Let r(h) = 7*h - 1. Let g(o) = -4*r(o) + t(o). Determine g(-7).
26
Let v(j) = -7*j**3 - 9*j**2 + 12*j - 2. Let u(y) = -6*y**3 - 9*y**2 + 10*y - 2. Let t(q) = 6*u(q) - 5*v(q). Determine t(-9).
-2
Let r(m) = m - 10. Let o = -417 - -417. Determine r(o).
-10
Suppose -5*u - 125 + 25 = 0. Let t be (-2)/3 + u/6. Let w(x) = 9*x + 8. Let f(p) = 4*p + 4. Let b(m) = -7*f(m) + 3*w(m). Calculate b(t).
0
Let f(s) be the second derivative of 11*s**3/6 - s**2/2 + 61*s. Give f(-2).
-23
Suppose a = 2*q - 18, -q + 6 = a - 3*a. Suppose 21*w = 16*w + q. Let c(l) = -1 + 4 + 6*l - 4*l + w*l + l**2. Calculate c(-4).
3
Let x = 8 - 6. Let c(m) be the first derivative of m**3/3 - m**2 + m + 18. Determine c(x).
1
Let t(o) be the second derivative of o**3/3 + o**2/2 - 42*o. Let b(a) = -2*a + 6. Let i be b(-9). Suppose 4*s + 8 - i = 0. What is t(s)?
9
Let z be 18/45 + 8/80. Let p(m) be the second derivative of 7*m - z*m**2 - 1/3*m**3 + 0*m**4 - 1/10*m**5 + 0. Determine p(-1).
3
Let c(w) be the third derivative of w**6/120 - 2*w**5/15 - w**4/3 - 11*w**3/6 + 7*w**2 - 3*w. Determine c(9).
-2
Let q(j) = 3*j. Let x be q(-2). Let s(n) be the first derivative of -n**2 - 4*n - 2. Determine s(x).
8
Let x(m) be the first derivative of -m**5/120 - m**4/12 + 26*m**3/3 - 16. Let z(o) be the third derivative of x(o). Let f = 6 + -6. What is z(f)?
-2
Suppose 0 = 5*y + 5, 4*h - 2*y + 11 = 65. Let p(u) = u**2 - 12*u - 9. What is p(h)?
4
Let k = -17 - -10. Let n(z) be t